 prime factors of p.
109
Suppose 0 = -13*k + 14*k - 297. What are the prime factors of k?
3, 11
Suppose 4*d - 5*d = 100. Let y = d + 155. List the prime factors of (y/20)/((-2)/(-8)).
11
Let z = -77 - -110. List the prime factors of z - (-3 + (0 - -2)).
2, 17
Suppose -230 - 50 = -10*f. What are the prime factors of f?
2, 7
Suppose 10 = 4*k - 2. Suppose -4 = a - 4*o, -6*a + 18 = -k*a + 3*o. Suppose -4*t = -4*c - 28, 2*t - 14 = a*c - 2. List the prime factors of t.
2
Suppose -3*m + 2*n = -6, 0*m + 9 = -2*m - 3*n. Suppose 62 = -m*i + 2*i. What are the prime factors of i?
31
Let w = 51 - 3. Let n = -7 + w. What are the prime factors of n?
41
Let v(q) be the third derivative of q**5/60 - q**4/12 - q**2. Let n be v(2). Let z = 7 + n. What are the prime factors of z?
7
Suppose -3*f - 793 = -4*j, -3*j = 3*f - f - 599. What are the prime factors of j?
199
Suppose 2*n = 7*n - 505. What are the prime factors of n?
101
Suppose 0 = -3*v + 5*j + 171, 0*j = -5*v + 2*j + 285. Suppose -4*r + 5*a + 111 = 0, 3*r - v - 26 = 4*a. Let t = r + -14. What are the prime factors of t?
3, 5
Suppose -3*h - 73 = -v, v + 0*h - 4*h = 73. What are the prime factors of v?
73
Let s be (2/(-2))/((-2)/12). Let c be ((-2)/3)/(s/(-99)). Suppose 0 = 3*d - c - 13. List the prime factors of d.
2
Suppose 360 = 5*z + f - 3*f, 5*z + 2*f - 340 = 0. List the prime factors of z.
2, 5, 7
Let a(l) = 2*l**2 - 4. Let p be ((-4)/(-6))/((-16)/(-72)). What are the prime factors of a(p)?
2, 7
Suppose -k - k - 14 = 0. Let u = k + 7. Suppose -j = -3*d + 45, -4*d = -u*j - j - 60. List the prime factors of d.
3, 5
Let r(z) = -z**2 + 2*z + 3. Let g be r(4). Suppose -3*a = -4*u - 21, -4*a - 7 = -5*a - 5*u. Let f = a + g. List the prime factors of f.
2
Suppose -7 - 20 = -3*r. Suppose 5*g + 5*w - 20 = 0, 0 = -4*w + r*w. What are the prime factors of g?
2
Let b = -5 - -5. Suppose b*u + r = -u + 6, -4*u = -4*r + 8. List the prime factors of u.
2
Suppose 3*i + 5*g = -0*i + 37, -3*i + 4*g - 8 = 0. Let t be 8/3*9/i. List the prime factors of (2/6)/(t/54).
3
Let t(g) = 12. Let l(r) = r + 1. Let s(c) = -12*l(c) + t(c). What are the prime factors of s(-1)?
2, 3
Let z(k) = 147*k**2 + k - 1. Let w be z(1). Suppose -3*o + 7*o - w = q, o + 3*q - 53 = 0. List the prime factors of o.
2, 19
Suppose 3*u = 4*s + 114, -4*u + 4*s = -81 - 75. Let p be 12/u - (-19)/7. Suppose p = 2*c - 23. What are the prime factors of c?
13
Let a(p) be the third derivative of -11*p**4/24 + p**3/6 + p**2. What are the prime factors of a(-1)?
2, 3
Let u(z) = z + 5. Let n(y) = -5. Let t(m) = 4*n(m) + 3*u(m). List the prime factors of t(7).
2
Suppose -2*l - 2*y + 103 = -247, 5*y = 4*l - 709. What are the prime factors of l?
2, 11
Let z = -9 - -4. Let q(l) = -15*l**2 - l**3 + 5*l**2 - 1 - 2*l + 5*l**2. What are the prime factors of q(z)?
3
Let z(p) = -101*p + 4. List the prime factors of z(-1).
3, 5, 7
Let h be -2 - 4/6*-6. Suppose o - 38 = h*x - 5, 0 = o - 5*x - 36. List the prime factors of o.
31
Let m(l) = -2*l**3 - 48*l**2 - 4*l + 34. What are the prime factors of m(-24)?
2, 5, 13
Let y be -41 + (-1 + 0)*3. List the prime factors of (-388)/y - (-2)/11.
3
Let f be 0 - (1 + (0 - 0)). Let w = f - -14. What are the prime factors of w?
13
Let s(c) = -c**3 + 8*c**2 - 7*c - 8. Let w be s(7). Let r(q) = -2*q - 7. What are the prime factors of r(w)?
3
Let h(a) = -9*a - 16. List the prime factors of h(-11).
83
Let v(b) = -2*b - 8. Let c be v(-10). Let h = c - 6. What are the prime factors of h?
2, 3
Suppose 0*d = 5*n + 3*d - 9, -d - 2 = 0. List the prime factors of n.
3
Let g be 1*15 + (-7)/7. Suppose 0*i = 2*i - g. What are the prime factors of i?
7
Let l = -3 - 14. Suppose m - 7 = 17. Let k = m + l. List the prime factors of k.
7
Let w(z) = -8*z - 5. What are the prime factors of w(-6)?
43
Let c(u) = 6 + 0*u**2 - 9*u - u**2 - 7. Let w be c(-8). What are the prime factors of w + (-5)/(5/2)?
5
Suppose 12 + 32 = 4*b. List the prime factors of b.
11
Let i(w) = -w**3 - 2*w**2 - 4. Let q be (-30)/8 + 6/8. What are the prime factors of i(q)?
5
Let z(f) = 7*f - 5*f**3 + 163*f**2 + 6*f**3 - 154*f**2 - 13. List the prime factors of z(-7).
2, 3
Let d = 320 + -672. What are the prime factors of 4/18 + d/(-36)?
2, 5
Let y = -3 - -2. Let p(o) = -o**3 + 5*o**2 + o - 2. Let j be p(5). Let i = y + j. What are the prime factors of i?
2
Let c(p) be the third derivative of 5/6*p**3 + 1/24*p**4 + 2*p**2 + 0 + 0*p. What are the prime factors of c(4)?
3
Suppose -2*a + 2*w + 126 = 0, w = -4*a + 4*w + 252. Suppose 3*r - a = -15. Suppose z + z = r. What are the prime factors of z?
2
Let f be (10/(-4))/1*-2. Suppose -2*l + 7*u - 4*u = -29, -f = 5*u. What are the prime factors of l?
13
Suppose x - 3*y = 12, 4*x - 2*y + 3*y = 22. List the prime factors of x.
2, 3
Let h = -2 - -7. Suppose -9 = h*j - 34. List the prime factors of j.
5
Let q(v) = 5*v + 6. Let g be q(-3). Let d(l) = -l. Let b(y) = -12*y - 2. Let j(p) = b(p) - 10*d(p). What are the prime factors of j(g)?
2
Let r(w) = -w**2 - 10*w - 11. Let x be r(-8). Suppose -5 - 8 = -x*t + 3*m, -2 = -2*t - 2*m. What are the prime factors of ((-3)/t)/(4/(-8))?
3
Suppose 0*i + 426 = 6*i. What are the prime factors of i?
71
Let k(t) = -2*t. Let a(o) = o**2 - 5*o + 5. Let n be a(4). Suppose n = -h - 3. What are the prime factors of k(h)?
2
Let z be (0/(0 + 2))/(-1). Suppose -4*c + 2*c + 14 = z. List the prime factors of c.
7
Suppose 3*p = 45 + 168. What are the prime factors of p?
71
Let y(o) = -194*o**3 - 3*o**2 + 3. List the prime factors of y(-1).
2, 97
Let s(d) be the first derivative of d**4/4 + 3*d**3 + 2*d**2 - 3*d + 5. What are the prime factors of s(-8)?
29
What are the prime factors of (9*4*-3)/((-18)/12)?
2, 3
Suppose 0 = v + v - 4. List the prime factors of 24 - v - -1 - 0.
23
Suppose 0 = -0*v + 2*v - 154. Suppose 0 = 4*x - v + 9. List the prime factors of x.
17
Suppose f = 5*f - 16. Suppose -2*w + w + f = 0. Let i = 8 - w. List the prime factors of i.
2
Suppose -p - 242 - 11 = -5*b, p = -2*b + 97. What are the prime factors of b?
2, 5
Let k = 752 - 452. List the prime factors of k.
2, 3, 5
Let b = 566 - 278. What are the prime factors of b?
2, 3
Let g = -25 + 283. List the prime factors of g.
2, 3, 43
What are the prime factors of (-1233)/(-15) - (95/(-25) - -4)?
2, 41
Let f(x) = x**3 + 9*x**2 - 7*x - 3. Let a be f(-10). Let p = -22 - a. List the prime factors of p - 1/(0 - 1).
2, 3
Let k(z) = -2*z**3 + 48*z**2 + 19*z - 51. What are the prime factors of k(24)?
3, 5
Let u(t) = 90*t + 18. List the prime factors of u(2).
2, 3, 11
Suppose -2*r + 2*j + 1 + 71 = 0, r - 4*j - 21 = 0. What are the prime factors of r?
41
Suppose 5*w + 55 - 400 = 0. What are the prime factors of w?
3, 23
Let j be 68/(-10) + (-1)/5. Let u = 12 + j. Suppose 2*r = -b + 23, u*b + 17 = -2*r + 4*r. List the prime factors of r.
11
Suppose -3*n = 2*n - 10. Suppose 6*d - 2*d = -p - 28, -7 = d - 3*p. List the prime factors of 79/7 + n/d.
11
Suppose 460 = 5*r + i, -r - 4*i + 2*i + 83 = 0. List the prime factors of r.
3, 31
Let y(o) = -o**3 + 12*o**2 - 11*o + 8. Let j be y(11). Let s = j - 6. What are the prime factors of s?
2
Suppose 2*b - 5 = -141. Let m be 6/(-15) - b/(-5). Let k = m + 32. What are the prime factors of k?
2, 3
Let u(v) be the second derivative of v**5/20 - v**4/2 + v**3/6 + 5*v**2/2 + 2*v. Let o be u(5). Let d = 33 + o. What are the prime factors of d?
2, 3
Let r(u) = 3*u - 4*u + 2*u + 2. List the prime factors of r(6).
2
Let y(j) = -4*j**2 - 7 - 5*j + 5*j**2 + 3*j. What are the prime factors of y(6)?
17
Suppose -3*q + 50 + 64 = 0. Suppose -m + 186 = 4*m + 4*n, m = -n + q. What are the prime factors of m?
2, 17
Let s(i) = -i**3 + 9*i**2 - 8*i + 6. Suppose 2*a - 31 = -0*a + 5*u, 0 = 3*a + u - 21. What are the prime factors of s(a)?
2, 3
Suppose 0 = 6*u - u - 30. Suppose -u*r = -3*r - 12. List the prime factors of r.
2
What are the prime factors of 86/2 + (1 - -1)?
3, 5
Let v = -33 + 228. What are the prime factors of v?
3, 5, 13
Let o(n) be the first derivative of 2/3*n**3 + 2 - 2*n + 3/2*n**2. What are the prime factors of o(2)?
2, 3
Let s(q) = -q**2 + 2. Let h be s(0). Let b(o) be the second derivative of o**3 + o**2/2 - 2*o. What are the prime factors of b(h)?
13
Let w = -15 - -76. List the prime factors of w.
61
Suppose -2*u = -3*u + 